
11
Suppose -j + 6*k = -578 + 228, 306 = j + 5*k. Calculate the highest common divisor of 8 and j.
2
Let h be (-7 + 5)*(-6)/4 + -2. Let v(b) = -4 + 18 - 7 - b**2 + 14*b + 13. Let m be v(15). What is the highest common factor of m and h?
1
Let l be 3872/1 + (-270)/(-54) + -1. What is the greatest common factor of 204 and l?
204
Let t = -14330 - -14338. Let a(m) = m**2 - m. Let b be a(9). Calculate the greatest common divisor of b and t.
8
Let d be (38 - (-20 - -12))/(2/8). Calculate the greatest common divisor of 69 and d.
23
Let i = -8421 + 8516. What is the highest common divisor of i and 12445?
95
Let g(w) = -2*w + 22. Let k be g(8). Let x be (-32)/(-24) - 824/k. Let o = x + 199. What is the highest common divisor of o and 21?
21
Suppose -5*c + 2261 = a, -201 = -3*c - 2*a + 1150. Suppose 2*g - 4*j - 103 = c, 2*g + 2*j = 538. What is the highest common factor of 16 and g?
16
Let n(i) = 0*i + i + 46 + 2*i**2 - 9*i. Suppose 5*k - g - 64 = -2*g, 0 = -5*k - 5*g + 80. Let x be n(k). What is the highest common factor of 34 and x?
34
Let p(b) = 4*b**2 + 11*b - 3. Suppose -32*w + 27*w - 20 = 0. Let y be p(w). What is the highest common divisor of y and 527?
17
Suppose 0 = 8*f - 16 - 32. Suppose f*r = -12*r + 4896. Calculate the highest common divisor of 34 and r.
34
Suppose 0 = -4*z + 4*v + 932, -z - 4*z - v + 1153 = 0. Suppose -270*k + 13356 = -164*k. What is the greatest common factor of k and z?
21
Suppose 0*c - 14 = -2*c. Let w(j) = -3*j**3 - 175*j**2 + 120*j + 153. Let n be w(-59). What is the highest common divisor of n and c?
7
Let w(m) = 27*m + 2083. Let z be w(-73). What is the greatest common factor of z and 2072?
56
Suppose 350 + 898 = 8*u. What is the greatest common factor of u and 2028?
156
Suppose -4*w - 4*w + 2848 = 0. Let r = w - 239. Calculate the highest common factor of r and 9.
9
Suppose 0 = 3*s + 101*p - 102*p - 48, 4*p = -5*s + 46. What is the highest common divisor of 1400 and s?
14
Suppose a + 6 = 2*a - h, 3*a - 2*h = 18. Let v(g) = -2*g + 13. Let f be v(a). Let b = f - -6. What is the highest common divisor of b and 7?
7
Let h be (318/(-8))/(137/28 - 5). Let t = -350 + h. Let u(o) = 3*o**2 - 4*o - 7. Let c be u(-7). Calculate the highest common divisor of t and c.
21
Suppose 5*y = 5*q - 200, y - 2*y + 212 = 5*q. Let l be 33/(-3465)*10 + (-33520)/(-42). Calculate the greatest common divisor of l and q.
42
Let x = -17 + 94. Suppose -17*o + 13*o = 3*u - 147, 5*u = -2*o + x. Calculate the highest common factor of o and 12.
12
Let u = -25 + 55. Let i be ((-16)/((-320)/(-675)))/(2/8). Let j be 1354/18 + 30/i. What is the greatest common divisor of j and u?
15
Let h = -495 + 0. Let q be 24/(-20)*h/2. What is the greatest common divisor of q and 11?
11
Let g(r) = 18*r - 656. Let f be g(45). What is the greatest common factor of f and 966?
14
Let c = 259 + -262. Let r = 11 - 10. Let f be 54*(r/c)/((-6)/9). Calculate the greatest common divisor of 36 and f.
9
Let u be 3 + 2 + -12 - (-6794)/(3 - 1). Calculate the greatest common divisor of u and 120.
30
Let x(i) = -533*i - 10085. Let o be x(-19). Let p = 212 + -58. What is the highest common divisor of o and p?
14
Suppose -2*u = 5*j - 5, 2*j - 4*j = -2*u + 12. Suppose -v + 83 = u*r, r - 135 = -2*v + 4. Calculate the highest common divisor of 34 and v.
34
Let q(n) = -n**3 - n**2 + 64*n + 133. Let h be q(-8). Calculate the highest common factor of 3 and h.
3
Suppose -98 + 490 = 4*j. Let f(z) = -11*z - 527. Let t be f(-53). What is the greatest common factor of j and t?
14
Suppose 0 = -126*p + 122*p + 36. Let t = 53 + p. What is the greatest common factor of t and 186?
62
Let x(g) = g**2 + 169*g + 4895. Let b be x(-37). Calculate the greatest common divisor of 7271 and b.
11
Let u(z) = -2*z**2 - 9*z + 35. Let g be u(-7). Suppose 12*m + 354 - 846 = g. What is the highest common divisor of 1 and m?
1
Let o = -23426 - -24655. What is the greatest common divisor of o and 4?
1
Suppose w - 3283 = -5*k, 10*k - 7210 = -k - 4*w. What is the highest common factor of 448 and k?
14
Let n(c) = -2*c - 18. Let g be n(-11). Suppose -j = -g*l - 25, j - 4*j + 85 = -2*l. Calculate the greatest common divisor of 319 and j.
29
Let t = 34906 + -18665. What is the highest common factor of t and 109?
109
Let h(b) be the first derivative of -b**2/2 + 34*b - 25. Let p be h(12). Let s(o) = 3*o + 110. Let i be s(0). What is the highest common divisor of p and i?
22
Suppose 9*l = -2*s + 1398, -75*s + 789 = 5*l - 78*s. Let y = 1 + 11. Calculate the highest common factor of l and y.
12
Let j(a) = -10*a - 16. Let g be j(-13). Let r = -94 + g. What is the highest common divisor of 80 and r?
20
Let h = -433 + 587. What is the highest common divisor of 154 and h?
154
Let w = -20 + -91. Let x = 165 + w. What is the greatest common divisor of 90 and x?
18
Suppose -2*n + 3*l = -10290, -376*l - 10290 = -2*n - 378*l. What is the highest common factor of n and 45?
15
Let t = 245 - 238. Let a(j) = 26*j + 74. Let g be a(t). Suppose -18 + 50 = l. What is the greatest common factor of g and l?
32
Let b = -56 - -98. Let i = -408 + 127. Let d = 337 + i. Calculate the highest common divisor of b and d.
14
Let z be 2967/(-129) + 46027 + -4. Calculate the highest common divisor of 16 and z.
16
Let g(n) = 2*n**3 - n**2 + 7*n - 6. Let v be g(6). Let b be ((-2)/4)/((-6)/v). What is the greatest common factor of 45 and b?
9
Let a = 62 + 143. Let i = -40 + a. What is the highest common divisor of 132 and i?
33
Suppose -1 = -l, -88*s + 16 = -86*s + 2*l. Calculate the highest common factor of 3241 and s.
7
Let p(x) = -12*x**3 + 14*x + 26. Let v be p(-5). What is the highest common factor of 26 and v?
26
Suppose 2*f + 2 = 4*c, 12*c = -4*f + 9*c + 29. Suppose 3*o - o - 36 = -f*z, 2*o = 4*z + 72. Calculate the greatest common factor of o and 322.
14
Suppose -56*z - 1112 = -5*m - 58*z, -5*z - 850 = -4*m. Calculate the greatest common factor of m and 760.
20
Let r be (-1450)/(-116)*6/5. What is the greatest common divisor of r and 231?
3
Let v(h) = h**3 - 8*h**2 + 11*h - 6. Let j be v(7). Let x be (84/(-16))/(9/(-192)). Let u = x - 57. What is the greatest common divisor of u and j?
11
Suppose 58 = 3*d + w, 5*d - 85 = -0*w - 4*w. Suppose 0 = 4*u - u - d. Suppose 307 = u*l + 13. Calculate the highest common factor of l and 56.
14
Suppose -z - 25 = -3*q + 32, -5*z + 19 = q. Let a be -2 + 0 - (-125)/1. Let w = 218 - a. What is the highest common factor of q and w?
19
Let t be 35*180 - 0/(36/6). Suppose -23*n + t = -3*n. What is the highest common divisor of 63 and n?
63
Let q(o) = 4*o + 44. Let y be q(-7). Suppose -298*h + y = -290*h. Calculate the greatest common factor of 22 and h.
2
Suppose 0 = 5*v - 4*k - 1676, 226*v - 227*v - 2*k = -338. What is the greatest common factor of v and 576?
48
Suppose 41 + 1 = 7*m. Suppose 0*d = m*d - d. Suppose -3*c + d*c = -105. Calculate the greatest common divisor of c and 14.
7
Suppose 7*c - 13 = 78. Suppose 6*p - c*p = -315. Let f = p + -27. Calculate the greatest common factor of f and 9.
9
Let k(g) = -8*g**2 - 71*g - 94. Let u(j) = 11*j**2 + 106*j + 140. Let n(r) = -7*k(r) - 5*u(r). Let b be n(35). Calculate the greatest common factor of 20 and b.
4
Suppose -3*l = -4*d - 390, 13*l - 11*l + 4*d = 300. Calculate the highest common factor of l and 43746.
138
Let r be 1*55/1 - (9 - 8). Let y be (5 + 2*(-1758)/12)*-3. What is the greatest common factor of r and y?
54
Suppose 4*h - t = 360, 0*h - 3*t + 180 = 2*h. Suppose -5*m + 4 + 6 = 0. Suppose -m*b = 7*b - h. What is the highest common factor of 15 and b?
5
Suppose 1020 = -24*n + 29*n. Let b = 394 - 382. What is the highest common divisor of n and b?
12
Let w(q) = q**2 + 7*q - 19. Let u be w(-9). Let j be u*466/12 - (-1)/(-6). Let i = -17 - j. Calculate the greatest common factor of 88 and i.
22
Let i be 126564/228 - (0 - 6/(-57)). Let k = -551 + i. What is the greatest common divisor of 12 and k?
4
Let k be 174468/335 - (-18)/15. What is the greatest common divisor of k and 9657?
261
Let r(h) = 260*h - 514. Let b be r(2). What is the greatest common factor of 687 and b?
3
Let k(h) = 4*h + 524. Let f be k(-51). Calculate the greatest common factor of 4960 and f.
160
Let p = 54 + -51. Suppose p*x - 36 = -9. Suppose -a = 2*a - 2*v - 110, -3*a - 4*v = -104. What